11 and 51161?
11
Calculate the greatest common divisor of 154 and 70.
14
What is the highest common factor of 897 and 69?
69
Calculate the greatest common divisor of 6806 and 738.
82
Calculate the highest common factor of 24 and 192.
24
Calculate the highest common factor of 64 and 608.
32
Calculate the greatest common factor of 2210 and 2873.
221
Calculate the highest common divisor of 296 and 16.
8
Calculate the highest common divisor of 17 and 27200.
17
What is the greatest common factor of 584 and 365?
73
Calculate the greatest common factor of 6500 and 52.
52
Calculate the greatest common divisor of 2542 and 123.
41
Calculate the greatest common divisor of 396 and 44.
44
What is the highest common divisor of 60 and 3204?
12
Calculate the greatest common divisor of 22496 and 74.
74
What is the highest common divisor of 105 and 885?
15
Calculate the greatest common divisor of 22638 and 616.
154
Calculate the greatest common factor of 32 and 17248.
32
Calculate the highest common factor of 174 and 783.
87
What is the greatest common factor of 88 and 64?
8
Calculate the greatest common factor of 531 and 63.
9
Calculate the greatest common factor of 2651 and 1.
1
What is the greatest common factor of 2255 and 5535?
205
Calculate the highest common factor of 210 and 1092.
42
What is the highest common divisor of 2 and 7834?
2
Calculate the greatest common divisor of 17 and 25602.
17
Calculate the greatest common divisor of 57491 and 43.
43
Calculate the greatest common divisor of 32 and 256.
32
Calculate the greatest common factor of 40 and 1460.
20
Calculate the greatest common factor of 336 and 64.
16
Calculate the greatest common divisor of 93 and 6789.
93
What is the greatest common divisor of 252 and 1498?
14
What is the greatest common factor of 1470 and 126?
42
What is the greatest common divisor of 2 and 5?
1
What is the highest common divisor of 40 and 220?
20
What is the highest common factor of 39 and 910?
13
Calculate the highest common divisor of 15 and 215.
5
What is the greatest common factor of 100 and 900?
100
What is the highest common factor of 75 and 45?
15
Calculate the highest common factor of 76 and 4028.
76
What is the highest common divisor of 62 and 403?
31
What is the greatest common factor of 28 and 3017?
7
What is the greatest common divisor of 1872 and 1755?
117
Calculate the greatest common divisor of 477 and 9.
9
Calculate the highest common divisor of 315 and 225.
45
Calculate the highest common divisor of 949 and 73.
73
What is the highest common factor of 49 and 3059?
7
What is the highest common divisor of 374 and 1210?
22
What is the highest common factor of 11752 and 39?
13
What is the highest common factor of 161 and 637?
7
Calculate the greatest common factor of 1560 and 660.
60
What is the greatest common divisor of 20 and 80?
20
Calculate the greatest common divisor of 1778 and 42.
14
Calculate the greatest common factor of 2623 and 244.
61
Calculate the greatest common divisor of 24 and 66.
6
What is the greatest common factor of 92 and 4?
4
What is the greatest common divisor of 595 and 986?
17
Calculate the highest common factor of 64 and 1984.
64
Calculate the greatest common divisor of 25 and 475.
25
What is the greatest common divisor of 837 and 513?
27
What is the greatest common factor of 1241 and 73?
73
What is the highest common divisor of 1300 and 148?
4
Calculate the greatest common factor of 1365 and 195.
195
Calculate the highest common factor of 8 and 68.
4
What is the highest common divisor of 1620 and 18?
18
What is the highest common divisor of 32 and 128?
32
Calculate the highest common factor of 69 and 4163.
23
Calculate the highest common factor of 2294 and 310.
62
Calculate the greatest common divisor of 12544 and 98.
98
Calculate the greatest common divisor of 54 and 216.
54
Calculate the greatest common divisor of 63 and 483.
21
Calculate the greatest common factor of 2 and 256.
2
Calculate the highest common divisor of 64 and 880.
16
What is the greatest common divisor of 90 and 280?
10
Calculate the greatest common divisor of 760 and 200.
40
Calculate the greatest common factor of 3113 and 11.
11
What is the greatest common divisor of 12 and 8376?
12
What is the highest common divisor of 248 and 310?
62
Calculate the highest common factor of 605 and 385.
55
What is the greatest common factor of 286 and 110?
22
Calculate the greatest common divisor of 3 and 81.
3
Calculate the greatest common divisor of 9867 and 33.
33
Calculate the greatest common factor of 1644 and 36.
12
What is the highest common divisor of 64 and 112?
16
What is the greatest common divisor of 159 and 212?
53
Calculate the greatest common divisor of 1404 and 108.
108
Calculate the highest common factor of 500 and 1375.
125
What is the greatest common factor of 864 and 60?
12
Calculate the greatest common divisor of 1911 and 196.
49
What is the highest common divisor of 20 and 110?
10
Calculate the greatest common factor of 160 and 1440.
160
What is the highest common divisor of 189 and 7224?
21
Calculate the highest common factor of 1988 and 28.
28
Calculate the greatest common divisor of 35 and 35.
35
Calculate the greatest common factor of 22220 and 220.
220
Calculate the greatest common factor of 738 and 18.
18
Calculate the highest common divisor of 341 and 93.
31
Calculate the greatest common divisor of 126 and 7119.
63
Calculate the greatest common factor of 10 and 103310.
10
What is the greatest common factor of 72 and 270?
18
What is the greatest common factor of 497 and 112?
7
What is the greatest common divisor of 4170 and 360?
30
Calculate the greatest common divisor of 234 and 18.
18
Calculate the greatest common factor of 37 and 74.
37
Calculate the greatest common divisor of 192 and 512.
64
Calculate the highest common factor of 832 and 26.
26
Calculate the greatest common factor of 19 and 34637.
19
Calculate the greatest common divisor of 638 and 44.
22
What is the greatest common factor of 3060 and 72?
36
What is the highest common divisor of 147 and 6125?
49
What is the highest common factor of 1280 and 80?
80
What is the highest common divisor of 122 and 183?
61
Calculate the highest common divisor of 16 and 512.
16
What is the greatest common factor of 157 and 48827?
157
What is the greatest common factor of 6424 and 88?
88
What is the highest common divisor of 84 and 33642?
42
What is the greatest common factor of 120 and 1896?
24
What is the greatest common factor of 403 and 31?
31
What is the greatest common divisor of 1116 and 7533?
279
Calculate the highest common divisor of 7396 and 172.
172
What is the greatest common divisor of 15 and 138?
3
Calculate the highest common factor of 700 and 1150.
50
Calculate the highest common divisor of 188 and 1.
1
Calculate the highest common divisor of 192 and 12.
12
What is the highest common factor of 224 and 48?
16
What is the highest common divisor of 5644 and 913?
83
Calculate the greatest common divisor of 6 and 762.
6
Calculate the greatest common divisor of 2358 and 18.
18
Calculate the highest common divisor of 1066 and 26.
26
What is the greatest common factor of 395 and 79?
79
What is the greatest common factor of 4176 and 272?
16
What is the highest common divisor of 3366 and 8568?
306
What is the highest common factor of 288 and 1566?
18
Calculate the greatest common factor of 1183 and 2.
1
Calculate the highest common factor of 32 and 2456.
8
What is the greatest common factor of 88 and 44?
44
What is the greatest common factor of 49 and 56?
7
Calculate the greatest common factor of 126 and 98.
14
What is the highest common factor of 8 and 152?
8
Calculate the highest common divisor of 6 and 1194.
6
Calculate the greatest common divisor of 405 and 195.
15
Calculate the greatest common factor of 14 and 630.
14
What is the greatest common divisor of 80 and 3580?
20
Calculate the greatest common factor of 1577 and 76.
19
Calculate the highest common divisor of 11259 and 243.
81
Calculate the highest common divisor of 385 and 77.
77
Calculate the greatest common factor of 358 and 26.
2
Calculate the greatest common divisor of 20 and 1150.
10
Calculate the highest common factor of 3072 and 48.
48
Calculate the greatest common diviso